{"id":492,"date":"2017-08-14T03:08:12","date_gmt":"2017-08-14T05:08:12","guid":{"rendered":"http:\/\/sieniatlas.fi\/?page_id=492"},"modified":"2017-08-14T03:08:12","modified_gmt":"2017-08-14T05:08:12","slug":"pikku-ukonsienet-3","status":"publish","type":"page","link":"https:\/\/sieniatlas.fi\/index.php\/pikku-ukonsienet-3\/","title":{"rendered":"Pikku-ukonsienet &ndash; 3"},"content":{"rendered":"<p>T\u00e4ll\u00e4 sivulla esitell\u00e4\u00e4n kahdeksan pikku-ukonsienilajia, jotka ovat Suomessa harvinaisia tai hyvin harvinaisia. Osa lajeista on aivan etel\u00e4isi\u00e4 kalkkipohjaisten lehtojen sieni\u00e4.<\/p>\n<p><spec>ruosteukonsieni<\/spec>&#160;&#160;<specita>Lepiota boudieri<\/specita><\/p>\n<figure id=\"attachment_490\" aria-describedby=\"caption-attachment-490\" style=\"width: 1200px\" class=\"wp-caption alignnone\"><img loading=\"lazy\" src=\"http:\/\/sieniatlas.fi\/wp-content\/uploads\/2017\/08\/boudieri-07-1593.jpg\" alt=\"\" width=\"1200\" height=\"791\" class=\"size-full wp-image-490\" srcset=\"https:\/\/sieniatlas.fi\/wp-content\/uploads\/2017\/08\/boudieri-07-1593.jpg 1200w, https:\/\/sieniatlas.fi\/wp-content\/uploads\/2017\/08\/boudieri-07-1593-300x198.jpg 300w, https:\/\/sieniatlas.fi\/wp-content\/uploads\/2017\/08\/boudieri-07-1593-768x506.jpg 768w, https:\/\/sieniatlas.fi\/wp-content\/uploads\/2017\/08\/boudieri-07-1593-1024x675.jpg 1024w\" sizes=\"(max-width: 1200px) 100vw, 1200px\" \/><figcaption id=\"caption-attachment-490\" class=\"wp-caption-text\">K<smacap>UVA 1.<\/smacap><smapic> Ruosteukonsieni\u00e4 (<em>Lepiota boudieri<\/em>). Vaahteraa kasvava tienvarsitiheikk\u00f6, jossa my\u00f6s hieman haapaa ja harmaalepp\u00e4\u00e4, multapohja. Kuva: Ilkka Kyt\u00f6vuori 07-1593.<\/figcaption><\/figure>\n<p>R<smacap>UOSTEUKONSIENI<\/smacap> on keskikokoinen pikku-ukonsieni, koko vaihtelee kuitenkin melkoisesti. Lakki on kauttaaltaan ja hyvin tihe\u00e4sti ruosteenruskeiden suomujen peitossa, valkoista v\u00e4ri\u00e4 ei ole paljoakaan n\u00e4kyvill\u00e4. Ruskeita suomuja on my\u00f6s jalassa, etenkin sen tyvell\u00e4. <\/p>\n<p>Ruosteukonsieni kasvaa lehtipuuvaltaisissa lehdoissa ja pusikoissa ja ainakin enimm\u00e4kseen kalkkipitoisella maalla. Ruosteukonsieni on meill\u00e4 harvinainen, mutta uusiakin l\u00f6yt\u00f6paikkoja on tullut tietoon, joten voi olla, ett\u00e4 erityisen harvinainen se ei ole. L\u00f6yt\u00f6j\u00e4 on Varsinais-Suomesta ja Uudeltamaalta. Lis\u00e4ksi lajista on ker\u00e4ys Kuusamosta, mutta varmuutta ei ole siit\u00e4, onko kyseess\u00e4 sama laji.<\/p>\n<p><spec>lemu-ukonsieni<\/spec>&#160;&#160;<specita>Lepiota ochraceofulva<\/specita><\/p>\n<figure id=\"attachment_448\" aria-describedby=\"caption-attachment-448\" style=\"width: 1024px\" class=\"wp-caption alignnone\"><img loading=\"lazy\" src=\"http:\/\/sieniatlas.fi\/wp-content\/uploads\/2017\/07\/Lepiota_ochraceofulva-sig.jpg\" alt=\"\" width=\"1024\" height=\"684\" class=\"size-full wp-image-448\" srcset=\"https:\/\/sieniatlas.fi\/wp-content\/uploads\/2017\/07\/Lepiota_ochraceofulva-sig.jpg 1024w, https:\/\/sieniatlas.fi\/wp-content\/uploads\/2017\/07\/Lepiota_ochraceofulva-sig-300x200.jpg 300w, https:\/\/sieniatlas.fi\/wp-content\/uploads\/2017\/07\/Lepiota_ochraceofulva-sig-768x513.jpg 768w\" sizes=\"(max-width: 1024px) 100vw, 1024px\" \/><figcaption id=\"caption-attachment-448\" class=\"wp-caption-text\">K<smacap>UVA 2.<\/smacap><smapic> Lemu-ukonsieni\u00e4 (<em>Lepiota ochraceofulva<\/em>). Valoisa mets\u00e4nlaita, muurahaispes\u00e4n edess\u00e4 paksulla kuuseneulaskarikkeella. Kuva: Petri Roponen.<\/figcaption><\/figure>\n<p>L<smacap>EMU-UKONSIENI<\/smacap> on pikku-ukonsieneksi isokokoinen ja rotevahko. Lakki on kauttaaltaan ruosteenruskean suomuinen. Suomut eiv\u00e4t ole ulkonevia tai t\u00f6rr\u00f6tt\u00e4vi\u00e4. Suomuja on paljon, mutta ne ovat aika pieni\u00e4, joten valkoista pohjav\u00e4ri\u00e4kin on reilusti n\u00e4kyvill\u00e4 eik\u00e4 yleisvaikutelma ole kovin tumma. Jalassa on valkoista vanuisuutta. Lemu-ukonsieni muistuttaa ulkon\u00e4\u00f6lt\u00e4\u00e4n l\u00e4hinn\u00e4 kuusiukonsient\u00e4 (<em>Lepiota audreae<\/em>).<\/p>\n<p>Lemu-ukonsienest\u00e4 on tiedossa kolme l\u00f6yt\u00f6\u00e4. Laji on tavattu Uudeltamaalta ja Etel\u00e4-H\u00e4meest\u00e4. L\u00f6yd\u00f6ist\u00e4 ainakin kaksi on muurahaispes\u00e4st\u00e4 tai aivan sen vierest\u00e4, siis paksulta kuusenneulaskarikkeelta.<\/p>\n<p><spec>viiniukonsieni<\/spec>&#160;&#160;<specita>Lepiota fuscovinacea<\/specita><\/p>\n<figure id=\"attachment_491\" aria-describedby=\"caption-attachment-491\" style=\"width: 1200px\" class=\"wp-caption alignnone\"><img loading=\"lazy\" src=\"http:\/\/sieniatlas.fi\/wp-content\/uploads\/2017\/08\/Lepiota-fuscovinacea.Melere.JV29532-web.jpg\" alt=\"\" width=\"1200\" height=\"864\" class=\"size-full wp-image-491\" srcset=\"https:\/\/sieniatlas.fi\/wp-content\/uploads\/2017\/08\/Lepiota-fuscovinacea.Melere.JV29532-web.jpg 1200w, https:\/\/sieniatlas.fi\/wp-content\/uploads\/2017\/08\/Lepiota-fuscovinacea.Melere.JV29532-web-300x216.jpg 300w, https:\/\/sieniatlas.fi\/wp-content\/uploads\/2017\/08\/Lepiota-fuscovinacea.Melere.JV29532-web-768x553.jpg 768w, https:\/\/sieniatlas.fi\/wp-content\/uploads\/2017\/08\/Lepiota-fuscovinacea.Melere.JV29532-web-1024x737.jpg 1024w\" sizes=\"(max-width: 1200px) 100vw, 1200px\" \/><figcaption id=\"caption-attachment-491\" class=\"wp-caption-text\">K<smacap>UVA 3.<\/smacap><smapic> Viiniukonsieni\u00e4 (<em>Lepiota fuscovinacea<\/em>). Mets\u00e4n ja niityn reuna, l\u00e4hell\u00e4 py\u00f6kkej\u00e4 ja p\u00e4hkin\u00e4pensaita (Italia). Kuva: Jukka Vauras 29532F.<\/figcaption><\/figure>\n<p>V<smacap>IINIUKONSIENI<\/smacap> on keskikokoinen pikku-ukonsieni. Lakki on viininpunaisenruskean suomuinen, samanv\u00e4risi\u00e4 suomuja voi olla jalassa. Suomuisuus voi olla hyvinkin tummaa. Lakin ja jalan pohjav\u00e4ri on vaaleamman violetti, mutta kokonaisvaikutelma on aika tumma. Muita aivan t\u00e4m\u00e4n v\u00e4risi\u00e4 lajeja Suomesta tunneta. L\u00e4hinn\u00e4 samanv\u00e4rinen mutta vaaleampi on iltaukonsieni (<em>L.&#160;subincarnata<\/em>).<\/p>\n<p>Viiniukonsieni on Suomessa hyvin harvinainen. Suomesta on ainoastaan yksi l\u00f6yt\u00f6, Lohjalta kalkkikallion juurelta puoliavoimelta, lehtipuupensaita ja katajaa kasvavalta paikalta.<\/p>\n<p><spec>kittiukonsieni<\/spec>&#160;&#160;<specita>Lepiota coloratipes<\/specita>&#160;&#160;<smapic> (aikaisemmin k\u00e4ytetty v\u00e4\u00e4r\u00e4 nimi: <em>L.&#160;rufipes<\/em>)<\/smapic> <\/p>\n<figure id=\"attachment_472\" aria-describedby=\"caption-attachment-472\" style=\"width: 1200px\" class=\"wp-caption alignnone\"><img loading=\"lazy\" src=\"http:\/\/sieniatlas.fi\/wp-content\/uploads\/2017\/08\/coloratipes-26695F.jpg\" alt=\"\" width=\"1200\" height=\"785\" class=\"size-full wp-image-472\" srcset=\"https:\/\/sieniatlas.fi\/wp-content\/uploads\/2017\/08\/coloratipes-26695F.jpg 1200w, https:\/\/sieniatlas.fi\/wp-content\/uploads\/2017\/08\/coloratipes-26695F-300x196.jpg 300w, https:\/\/sieniatlas.fi\/wp-content\/uploads\/2017\/08\/coloratipes-26695F-768x502.jpg 768w, https:\/\/sieniatlas.fi\/wp-content\/uploads\/2017\/08\/coloratipes-26695F-1024x670.jpg 1024w\" sizes=\"(max-width: 1200px) 100vw, 1200px\" \/><figcaption id=\"caption-attachment-472\" class=\"wp-caption-text\">K<smacap>UVA 4.<\/smacap><smapic> Kittiukonsieni\u00e4 (<em>Lepiota coloratipes<\/em>). Kirkkomaa, varjoisa sammaleinen nurmikko multaisella kalkkimaalla (Viro). Kuva: Jukka Vauras 26695F.<\/smapic><\/figcaption><\/figure>\n<p>K<smacap>ITTIUKONSIENI<\/smacap> on hyvin pienikokoinen, lakin leveys on n. 1&ndash;2 cm. Sieni ei kuitenkaan ole aivan hento. Lakki on l\u00e4hes valkoinen ja l\u00e4hes sile\u00e4. Jalassa on hyvin ohutta valkoista seitti\u00e4, harvoin villaisuutta, rengasta ei ole. Jalka tummuu vanhemmiten harmahtavanruskehtavaksi tai violetinvivahteiseksi. <\/p>\n<p>Kittiukonsieni on meill\u00e4 harvinainen, mutta ei aivan etel\u00e4inen laji. L\u00f6yt\u00f6j\u00e4 on muutamia, Uudeltamaalta ja Etel\u00e4-Savosta. Lajia on tavattu kuivemman puoleisesta kalkkipitoisesta mets\u00e4st\u00e4 ja pihanurmikolta.<\/p>\n<p>Kittiukonsieni on niin sile\u00e4lakkinen, ettei sit\u00e4 helposti hoksaa pikku-ukonsieneksi. Aika samann\u00e4k\u00f6isi\u00e4, pieni\u00e4 tai hyvin pieni\u00e4 ja valkoisia lajeja ovat liitu-ukonsieni (<em>Lepiota subalba<\/em>), pikku-ukonsieni (<em>Lepiota parvannulata<\/em>) ja jauheukonsieni (<em>Cystolepiota seminuda<\/em>). <\/p>\n<p><spec>liitu-ukonsieni<\/spec>&#160;&#160;<specita>Lepiota subalba<\/specita><\/p>\n<figure id=\"attachment_443\" aria-describedby=\"caption-attachment-443\" style=\"width: 1200px\" class=\"wp-caption alignnone\"><img loading=\"lazy\" src=\"http:\/\/sieniatlas.fi\/wp-content\/uploads\/2017\/07\/subalba-toukola-31VII98.jpg\" alt=\"\" width=\"1200\" height=\"778\" class=\"size-full wp-image-443\" srcset=\"https:\/\/sieniatlas.fi\/wp-content\/uploads\/2017\/07\/subalba-toukola-31VII98.jpg 1200w, https:\/\/sieniatlas.fi\/wp-content\/uploads\/2017\/07\/subalba-toukola-31VII98-300x195.jpg 300w, https:\/\/sieniatlas.fi\/wp-content\/uploads\/2017\/07\/subalba-toukola-31VII98-768x498.jpg 768w, https:\/\/sieniatlas.fi\/wp-content\/uploads\/2017\/07\/subalba-toukola-31VII98-1024x664.jpg 1024w\" sizes=\"(max-width: 1200px) 100vw, 1200px\" \/><figcaption id=\"caption-attachment-443\" class=\"wp-caption-text\">K<smacap>UVA 5.<\/smacap><smapic> Liitu-ukonsieni\u00e4 (<em>Lepiota subalba<\/em>). Kuva: Jukka Vauras.<\/smapic><\/figcaption><\/figure>\n<p>L<smacap>IITU-UKONSIENI<\/smacap> on hyvin pienikokoinen, lakin leveys on n. 1&ndash;2 cm. Lakki on valkoinen tai se voi olla aika selv\u00e4stikin ruskehtava, etenkin keskelt\u00e4. Lakki n\u00e4ytt\u00e4\u00e4 melko sile\u00e4lt\u00e4 eik\u00e4 se ole jauheinen. Jalka on ensin valkoinen, mutta voi vanhemmiten kellerty\u00e4 ja tummua. Jalan pinnalla on valkoista suojusj\u00e4tett\u00e4, kunnon rengasta ei ole. <\/p>\n<p>Liitu-ukonsieni on meill\u00e4 harvinainen ja aika etel\u00e4inen laji. Pohjoisimmat tiedot ovat Etel\u00e4-H\u00e4meest\u00e4 ja Etel\u00e4-Savosta. Sieni kasvaa etenkin kalkkipohjaisissa lehtipuulehdoissa ja lehtopensaikoissa.<\/p>\n<p><spec>pikku-ukonsieni<\/spec>&#160;&#160;<specita>Lepiota parvannulata<\/specita><\/p>\n<figure id=\"attachment_445\" aria-describedby=\"caption-attachment-445\" style=\"width: 1200px\" class=\"wp-caption alignnone\"><img loading=\"lazy\" src=\"http:\/\/sieniatlas.fi\/wp-content\/uploads\/2017\/07\/parvannulatus-93-820.jpg\" alt=\"\" width=\"1200\" height=\"785\" class=\"size-full wp-image-445\" srcset=\"https:\/\/sieniatlas.fi\/wp-content\/uploads\/2017\/07\/parvannulatus-93-820.jpg 1200w, https:\/\/sieniatlas.fi\/wp-content\/uploads\/2017\/07\/parvannulatus-93-820-300x196.jpg 300w, https:\/\/sieniatlas.fi\/wp-content\/uploads\/2017\/07\/parvannulatus-93-820-768x502.jpg 768w, https:\/\/sieniatlas.fi\/wp-content\/uploads\/2017\/07\/parvannulatus-93-820-1024x670.jpg 1024w\" sizes=\"(max-width: 1200px) 100vw, 1200px\" \/><figcaption id=\"caption-attachment-445\" class=\"wp-caption-text\">K<smacap>UVA 6.<\/smacap><smapic> Pikku-ukonsieni\u00e4 (<em>Lepiota parvannulata<\/em>). Pieni tiheikk\u00f6, jossa lehtipuupensaita ja muutamia vanhoja m\u00e4ntyj\u00e4, kalkkivaikutteinen paikka. Kuva: Ilkka Kyt\u00f6vuori 93-820.<\/smapic><\/figcaption><\/figure>\n<p>P<smacap>IKKU-UKONSIENI<\/smacap> on hyvin pieni valkoinen laji, lakin leveys on vain 0,5&ndash;1,5 cm. Jalka on sile\u00e4 ja siin\u00e4 on selv\u00e4 rengas, joka voi tippua tai j\u00e4\u00e4d\u00e4 kiinni lakin reunaan. Selv\u00e4 rengas on hyv\u00e4 tuntomerkki, jonka perusteella lajin erottaa muista pienikokoisista valkoisista lajeista.<\/p>\n<p>Lajista on yksi ker\u00e4ys Suomesta, Lohjalta kalkkivaikutteisesta kuivahkosta metsik\u00f6st\u00e4. <\/p>\n<p><spec>hentoukonsieni<\/spec>&#160;&#160;<specita>Lepiota locquinii<\/specita><br \/>\n[Kuva puuttuu.]<\/p>\n<p>H<smacap>ENTOUKONSIENI<\/smacap> on pienehk\u00f6, hento ja korkeajalkainen sieni. Lakki on suomuinen ja kellanruskea. Hentoukonsieni muistuttaa ulkon\u00e4\u00f6lt\u00e4\u00e4n jonkin verran kesiukonsient\u00e4, mutta on isokokoisempi.<\/p>\n<p>Hentoukonsienest\u00e4 on yksi melko vanha ker\u00e4ys Lohjalta kalkkipohjaisesta lehtipuulehdosta. Ulkomailla lajin ilmoitetaan kasvavan aurinkoisilla ja ruohoisilla paikoilla. <\/p>\n<p><spec>iltaukonsieni<\/spec>&#160;&#160;<specita>Lepiota subincarnata<\/specita><br \/>\n[Kuva puuttuu.]<\/p>\n<p>I<smacap>LTAUKONSIENI<\/smacap> keskikokoinen laji, jonka lakin pinnassa ja suomuissa on vaaleanpunertavaa v\u00e4ri\u00e4 tai s\u00e4vy\u00e4, joka on aika samanv\u00e4rist\u00e4 kuin rusok\u00e4rp\u00e4ssienell\u00e4. Lakin suomuisuus vaihtelee paljon, lakki voi olla l\u00e4hes sile\u00e4 ja tumma tai toisaalta pikkusuomuinen. Nuoren sienen jalka on valkoinen-vaaleanpunertava, vanhemmiten jalka tummuu. Jalassa on yleens\u00e4 useita selvi\u00e4 vaaleita v\u00f6it\u00e4 ja jalassa voi olla samanv\u00e4risi\u00e4 suomuja kuin lakissakin. <\/p>\n<p>Iltaukonsieni on hyvin harvinainen. Suomesta tunnetaan yksi ker\u00e4ys, Helsingist\u00e4 merenrantaniitylt\u00e4 leppien alta.<\/p>\n<nav class=\"navigation post-navigation\" role=\"navigation\">\n<h2 class=\"screen-reader-text\">Pikku-ukonsienten ja l\u00e4hisukujen selaus<\/h2>\n<div class=\"nav-links\">\n<div class=\"nav-previous\"><a href=\"http:\/\/sieniatlas.fi\/index.php\/pikku-ukonsienet-2\/\" rel=\"prev\"><span class=\"nav-link-text\">Edellinen<\/span><\/p>\n<h3 class=\"entry-title\">pikku-ukonsienet &ndash; 2<\/h3>\n<p><\/a><\/div>\n<div class=\"nav-next\"><a href=\"http:\/\/sieniatlas.fi\/index.php\/siiliukonsienet-echinoderma\/\" rel=\"next\"><span class=\"nav-link-text\">Seuraava suku<\/span><\/p>\n<h3 class=\"entry-title\">Siiliukonsienet &ndash; Echinoderma<\/h3>\n<p><\/a><\/div>\n<\/div>\n<\/nav>\n","protected":false},"excerpt":{"rendered":"<p>T\u00e4ll\u00e4 sivulla esitell\u00e4\u00e4n kahdeksan pikku-ukonsienilajia, jotka ovat Suomessa harvinaisia tai hyvin harvinaisia. Osa lajeista on aivan etel\u00e4isi\u00e4 kalkkipohjaisten lehtojen sieni\u00e4. <span class=\"more-text\">&hellip;<\/span><\/p>\n","protected":false},"author":7,"featured_media":0,"parent":0,"menu_order":0,"comment_status":"closed","ping_status":"closed","template":"","meta":[],"_links":{"self":[{"href":"https:\/\/sieniatlas.fi\/index.php\/wp-json\/wp\/v2\/pages\/492"}],"collection":[{"href":"https:\/\/sieniatlas.fi\/index.php\/wp-json\/wp\/v2\/pages"}],"about":[{"href":"https:\/\/sieniatlas.fi\/index.php\/wp-json\/wp\/v2\/types\/page"}],"author":[{"embeddable":true,"href":"https:\/\/sieniatlas.fi\/index.php\/wp-json\/wp\/v2\/users\/7"}],"replies":[{"embeddable":true,"href":"https:\/\/sieniatlas.fi\/index.php\/wp-json\/wp\/v2\/comments?post=492"}],"version-history":[{"count":1,"href":"https:\/\/sieniatlas.fi\/index.php\/wp-json\/wp\/v2\/pages\/492\/revisions"}],"predecessor-version":[{"id":493,"href":"https:\/\/sieniatlas.fi\/index.php\/wp-json\/wp\/v2\/pages\/492\/revisions\/493"}],"wp:attachment":[{"href":"https:\/\/sieniatlas.fi\/index.php\/wp-json\/wp\/v2\/media?parent=492"}],"curies":[{"name":"wp","href":"https:\/\/api.w.org\/{rel}","templated":true}]}}