{"id":358,"date":"2017-07-03T20:08:22","date_gmt":"2017-07-03T22:08:22","guid":{"rendered":"http:\/\/sieniatlas.fi\/?page_id=358"},"modified":"2021-07-21T12:55:09","modified_gmt":"2021-07-21T14:55:09","slug":"ukonsienet-suku-macrolepiota","status":"publish","type":"page","link":"https:\/\/sieniatlas.fi\/index.php\/ukonsienet-suku-macrolepiota\/","title":{"rendered":"Ukonsienet &ndash; Macrolepiota"},"content":{"rendered":"<p>Sek\u00e4 ukonsienet ett\u00e4 <a href=\"http:\/\/sieniatlas.fi\/index.php\/akansienet-suku-chlorophyllum\/\">akansienet (<em>Chlorophyllum<\/em>)<\/a> ovat suurikokoisia ja t\u00e4ysikasvuisina leve\u00e4lakkisia sieni\u00e4. Lakki on suomupintainen, suomut voivat olla t\u00f6rr\u00f6tt\u00e4vi\u00e4 tai enemm\u00e4n pinnanmy\u00f6t\u00e4isi\u00e4, eiv\u00e4t kuitenkaan aivan helposti varisevia. Heltat ovat vaaleat ja irtotyviset ja iti\u00f6p\u00f6ly on valkoista. Jalassa on selv\u00e4 rengas, jonka alapinnalla voi olla samanlaisia suomuja kuin lakissa.<\/p>\n<p>Suomesta tunnetaan kolme ukonsienilajia. N\u00e4ist\u00e4 ainoastaan itse ukonsieni (<em>Macrolepiota procera<\/em>) on yleisenpuoleinen. Suippu-ukonsieni (<em>Macrolepiota mastoidea<\/em>) ja tarhaukonsieni (<em>Macrolepiota excoriata<\/em>) ovat harvinaisia ja kumpikin on arvioitu uhanalaiseksi (VU). N\u00e4ist\u00e4kin lajeista kaivataan havaintoja. Sek\u00e4 suippu- ett\u00e4 tarhaukonsienest\u00e4 on syyt\u00e4 ker\u00e4t\u00e4 n\u00e4yte, mik\u00e4li kyseess\u00e4 ei ole ennest\u00e4\u00e4n tunnettu kasvupaikka. N\u00e4ytteen avulla havainto voidaan varmistaa. Lajien erottaminen toisistaan on hankalampaa kuin mit\u00e4 yksitt\u00e4iset mallikuvat antavat ymm\u00e4rt\u00e4\u00e4.<\/p>\n<p><spec>ukonsieni<\/spec>&#160;&#160;<specita>Macrolepiota procera<\/specita><\/p>\n<figure id=\"attachment_437\" aria-describedby=\"caption-attachment-437\" style=\"width: 1200px\" class=\"wp-caption alignnone\"><img loading=\"lazy\" src=\"http:\/\/sieniatlas.fi\/wp-content\/uploads\/2017\/07\/procera-12786F.jpg\" alt=\"\" width=\"1200\" height=\"797\" class=\"size-full wp-image-437\" srcset=\"https:\/\/sieniatlas.fi\/wp-content\/uploads\/2017\/07\/procera-12786F.jpg 1200w, https:\/\/sieniatlas.fi\/wp-content\/uploads\/2017\/07\/procera-12786F-300x199.jpg 300w, https:\/\/sieniatlas.fi\/wp-content\/uploads\/2017\/07\/procera-12786F-768x510.jpg 768w, https:\/\/sieniatlas.fi\/wp-content\/uploads\/2017\/07\/procera-12786F-1024x680.jpg 1024w\" sizes=\"(max-width: 1200px) 100vw, 1200px\" \/><figcaption id=\"caption-attachment-437\" class=\"wp-caption-text\">K<smacap>UVA 1.<\/smacap><smapic> Ukonsieni\u00e4 (<em>Macrolepiota procera<\/em>), n\u00e4iden iti\u00f6emien lakeissa valkoista on paljon. Vertaa <a href=\"http:\/\/sieniatlas.fi\/index.php\/etsintakuulutus-ukonsieni\/\">etsint\u00e4kuulutuksen<\/a> kuvaan. Kuva: Jukka Vauras 12786F.<\/smapic><\/figcaption><\/figure>\n<p>U<smacap>KONSIENI<\/smacap> on suurikokoinen, korkeajalkainen ja t\u00e4ysikasvuisena leve\u00e4lakkinen. Jalka kasvaa pituutta ensin ja nuorena iti\u00f6em\u00e4 on pampulap\u00e4isen rumpukapulan mallinen, sitten lakki avautuu laakeaksi, jopa n. 30 cm leve\u00e4ksi. Lakin pinnalla on suurehkoja, tummanruskeita suomuja, l\u00e4hemp\u00e4n\u00e4 lakin reunaa tummia suomuja on v\u00e4hemm\u00e4n. Lakin pohjav\u00e4ri on yleens\u00e4 vaalean ruskehtava, mutta toisinaan l\u00e4hes valkoinen. Heltat ovat hyvin vaaleat ja irtotyviset. <\/p>\n<p>Jalassa ukonsienell\u00e4 on leve\u00e4 ja paksu, l\u00e4hes irrallinen rengas. Rengas voi n\u00e4ytt\u00e4\u00e4 selv\u00e4sti kaksinkertaiselta ja renkaan alapinta voi olla tummasuomuinen. Jalka on renkaan alapuolelta ruskean-valkoisen kirjava ja n\u00e4ytt\u00e4\u00e4 poikkiraitaiselta. Ukonsienen malto ei punerru.<\/p>\n<p>Ukonsieni kasvaa ruohoisilla paikoilla: valoisissa mets\u00e4nreunoissa ja aukeilla, pientareilla, my\u00f6s puutarhoissa ja puistonurmikoilla, ravinteisella maalla.<\/p>\n<p><spec>suippu-ukonsieni<\/spec>&#160;&#160;<specita>Macrolepiota mastoidea<\/specita><\/p>\n<figure id=\"attachment_435\" aria-describedby=\"caption-attachment-435\" style=\"width: 1200px\" class=\"wp-caption alignnone\"><img loading=\"lazy\" src=\"http:\/\/sieniatlas.fi\/wp-content\/uploads\/2017\/07\/mastoidea-hammarland-9-92.jpg\" alt=\"\" width=\"1200\" height=\"789\" class=\"size-full wp-image-435\" srcset=\"https:\/\/sieniatlas.fi\/wp-content\/uploads\/2017\/07\/mastoidea-hammarland-9-92.jpg 1200w, https:\/\/sieniatlas.fi\/wp-content\/uploads\/2017\/07\/mastoidea-hammarland-9-92-300x197.jpg 300w, https:\/\/sieniatlas.fi\/wp-content\/uploads\/2017\/07\/mastoidea-hammarland-9-92-768x505.jpg 768w, https:\/\/sieniatlas.fi\/wp-content\/uploads\/2017\/07\/mastoidea-hammarland-9-92-1024x673.jpg 1024w\" sizes=\"(max-width: 1200px) 100vw, 1200px\" \/><figcaption id=\"caption-attachment-435\" class=\"wp-caption-text\">K<smacap>UVA 2.<\/smacap><smapic> Suippu-ukonsieni\u00e4 (<em>Macrolepiota mastoidea<\/em>). Kuva: Jukka Vauras.<\/smapic><\/figcaption><\/figure>\n<p>S<smacap>UIPPU-UKONSIENI<\/smacap> on ukonsient\u00e4 hieman pienempi. Tyypillisesti lakissa on selv\u00e4 keskuskohouma. Lakin suomuinen pinta on vaaleanruskea, vaaleampi kuin ukonsienell\u00e4. Etenkin lakin reunoilta n\u00e4kyy suomujen alla oleva l\u00e4hes valkoinen kerros. Heltat ovat valkoiset&#8211;vaaleankellert\u00e4v\u00e4t ja irtotyviset. Jalassa on selv\u00e4 rengas, joka sijaitsee yleens\u00e4 alempana kuin ukonsienen rengas. Jalka on vaalea, se ei ole aivan sile\u00e4, muttei my\u00f6sk\u00e4\u00e4n selv\u00e4sti poikkiraitainen. Malto on valkoista eik\u00e4 punerru.<\/p>\n<p>Suippu-ukonsienest\u00e4 on vain muutama tieto aivan lounaisimmasta Suomesta. Se kasvaa runsasravinteisella maalla, ker\u00e4yksi\u00e4 on sek\u00e4 mets\u00e4st\u00e4 ett\u00e4 niityilt\u00e4.<\/p>\n<p><spec>tarha-ukonsieni<\/spec>&#160;&#160;<specita>Macrolepiota excoriata<\/specita><\/p>\n<figure id=\"attachment_436\" aria-describedby=\"caption-attachment-436\" style=\"width: 1200px\" class=\"wp-caption alignnone\"><img loading=\"lazy\" src=\"http:\/\/sieniatlas.fi\/wp-content\/uploads\/2017\/07\/excoriata-9535F.jpg\" alt=\"\" width=\"1200\" height=\"794\" class=\"size-full wp-image-436\" srcset=\"https:\/\/sieniatlas.fi\/wp-content\/uploads\/2017\/07\/excoriata-9535F.jpg 1200w, https:\/\/sieniatlas.fi\/wp-content\/uploads\/2017\/07\/excoriata-9535F-300x199.jpg 300w, https:\/\/sieniatlas.fi\/wp-content\/uploads\/2017\/07\/excoriata-9535F-768x508.jpg 768w, https:\/\/sieniatlas.fi\/wp-content\/uploads\/2017\/07\/excoriata-9535F-1024x678.jpg 1024w\" sizes=\"(max-width: 1200px) 100vw, 1200px\" \/><figcaption id=\"caption-attachment-436\" class=\"wp-caption-text\">K<smacap>UVA 3.<\/smacap><smapic> L\u00e4hes valkoisia tarha-ukonsieni\u00e4 (<em>Macrolepiota excoriata<\/em>). Suomut ovat hyvin vaaleita, mutta ne voivat olla tummempia. Kuva: Jukka Vauras 9535F.<\/smapic><\/figcaption><\/figure>\n<p>T<smacap>ARHAUKONSIENEN<\/smacap> lakki on yleens\u00e4 vaalea, ainoastaan lakin keskusta on tummempi. Lakki on pienisuomuinen ja suomut ovat usein melko vaaleita. Lakki voi kuitenkin olla ruskeasuomuinen, t\u00e4llainen tarha-ukonsieni muistuttaa paljon suippu-ukonsient\u00e4. Lakissa ei ole kovin selv\u00e4\u00e4 nipukkamaista keskuskohoumaa. Rengas on selv\u00e4. Lakki alkaa oieta ennen kuin jalka on kasvanut t\u00e4yteen pituuteensa, jolloin rengas j\u00e4\u00e4 tyypillisesti jalkaan kiinni melko alas kuten suippu-ukonsienell\u00e4. Malto ei punerru leikkauspinnasta.<\/p>\n<p>Tarhaukonsienest\u00e4 l\u00f6yt\u00f6j\u00e4 on hieman enemm\u00e4n ja laji on tavattu Pohjois-Savosta asti. Valtaosa l\u00f6yd\u00f6ist\u00e4 on laidunmailta. Tarhaukonsient\u00e4 pidet\u00e4\u00e4n taantuvana lajina, koska lajille sopivia niittyj\u00e4, ketoja ja laitumia on v\u00e4hemm\u00e4n kuin ennen.<\/p>\n","protected":false},"excerpt":{"rendered":"<p>Sek\u00e4 ukonsienet ett\u00e4 akansienet (Chlorophyllum) ovat suurikokoisia ja t\u00e4ysikasvuisina leve\u00e4lakkisia sieni\u00e4. Lakki on suomupintainen, suomut voivat olla t\u00f6rr\u00f6tt\u00e4vi\u00e4 tai enemm\u00e4n <span class=\"more-text\">&hellip;<\/span><\/p>\n","protected":false},"author":7,"featured_media":0,"parent":0,"menu_order":0,"comment_status":"closed","ping_status":"closed","template":"","meta":[],"_links":{"self":[{"href":"https:\/\/sieniatlas.fi\/index.php\/wp-json\/wp\/v2\/pages\/358"}],"collection":[{"href":"https:\/\/sieniatlas.fi\/index.php\/wp-json\/wp\/v2\/pages"}],"about":[{"href":"https:\/\/sieniatlas.fi\/index.php\/wp-json\/wp\/v2\/types\/page"}],"author":[{"embeddable":true,"href":"https:\/\/sieniatlas.fi\/index.php\/wp-json\/wp\/v2\/users\/7"}],"replies":[{"embeddable":true,"href":"https:\/\/sieniatlas.fi\/index.php\/wp-json\/wp\/v2\/comments?post=358"}],"version-history":[{"count":29,"href":"https:\/\/sieniatlas.fi\/index.php\/wp-json\/wp\/v2\/pages\/358\/revisions"}],"predecessor-version":[{"id":3747,"href":"https:\/\/sieniatlas.fi\/index.php\/wp-json\/wp\/v2\/pages\/358\/revisions\/3747"}],"wp:attachment":[{"href":"https:\/\/sieniatlas.fi\/index.php\/wp-json\/wp\/v2\/media?parent=358"}],"curies":[{"name":"wp","href":"https:\/\/api.w.org\/{rel}","templated":true}]}}