{"id":2,"date":"2017-01-18T09:06:44","date_gmt":"2017-01-18T09:06:44","guid":{"rendered":"http:\/\/sieniatlas.luomus.fi\/?page_id=2"},"modified":"2019-05-29T09:17:15","modified_gmt":"2019-05-29T11:17:15","slug":"tietoa-hankkeesta","status":"publish","type":"page","link":"https:\/\/sieniatlas.fi\/index.php\/tietoa-hankkeesta\/","title":{"rendered":"Tietoa hankkeesta"},"content":{"rendered":"<p>Sieniatlas-kansalaistiedehanke ker\u00e4\u00e4 tietoa sienilajien levinneisyydest\u00e4, elinymp\u00e4rist\u00f6vaatimuksista ja uhanalaisuudesta. Haluamme edist\u00e4\u00e4 sieniharrastusta ja lajintuntemusta ja innostaa kaikkia sienist\u00e4 kiinnostuneita ilmoittamaan havaintonsa.<\/p>\n<p>Sieniatlaslomakkeen kautta ilmoitetut havainnot tallentuvat Suomen Lajitietokeskuksen tietoj\u00e4rjestelm\u00e4\u00e4n. Havaintotietoja voivat hakea niin harrastajat kuin tutkijat. Samalla voi hakea ja tarkastella tietoja my\u00f6s museoihin tallennetetuista sienin\u00e4ytteist\u00e4.<\/p>\n<p>J\u00e4rjest\u00e4mme ymp\u00e4ri Suomea koulutusta, jossa harrastajat oppivat lajistotiedon ker\u00e4\u00e4misess\u00e4 tarvittavia taitoja: havaintojen kirjaamista maastossa, n\u00e4ytteen keruuta ja tallentamista museon\u00e4ytteeksi, havaintoj\u00e4rjestelm\u00e4n k\u00e4ytt\u00e4mist\u00e4. Atlasleireill\u00e4 sieniammattilaiset ja harrastajat yhdess\u00e4 kartoittavat sienilajistoa, ker\u00e4\u00e4v\u00e4t n\u00e4ytteit\u00e4 maastosta ja tallentavat ne tietokantaan. Tiedotamme t\u00e4ll\u00e4 sivustolla tulevista koulutuksista.<\/p>\n<p>Sieniatlas-hanke on Koneen s\u00e4\u00e4ti\u00f6n rahoittama. Hanketta koordinoivat Jyv\u00e4skyl\u00e4n yliopiston tiedemuseo, Luonnontieteellinen keskusmuseo Luomus, Oulun yliopiston kasvimuseo, Turun kasvimuseo ja Suomen sieniseurat. Sieniatlas-asiantuntijat tarkastavat ilmoitettuja havaintoja ja auttavat havaintojen m\u00e4\u00e4rityksess\u00e4. Heilt\u00e4 voi tarvittaessa kysy\u00e4 lis\u00e4tietoja ja heille voi l\u00e4hett\u00e4\u00e4 n\u00e4ytteit\u00e4 m\u00e4\u00e4ritett\u00e4v\u00e4ksi.<\/p>\n<p>MIKSI?<\/p>\n<p>Sienet on huonosti tunnettu, mutta monimuotoisuuden suojelun kannalta keskeinen eli\u00f6lajiryhm\u00e4. Helposti l\u00f6ydett\u00e4viss\u00e4 olevat sienten iti\u00f6em\u00e4t kertovat ymp\u00e4rist\u00f6n muutoksista asioita, joita ei v\u00e4ltt\u00e4m\u00e4tt\u00e4 muiden lajiryhmien avulla havaita, ainakaan yht\u00e4 ajoissa tai selv\u00e4sti. Sienten avulla pystyt\u00e4\u00e4n arvioimaan useiden uhanalaisten biotooppien suojeluarvoja. T\u00e4h\u00e4n tarvitaan luotettavaa ja kattavaa tietoa sienilajeista, niiden levinneisyydest\u00e4 ja kasvupaikoista.<\/p>\n<p>Luotettavien sienihavaintojen tekeminen on haastava prosessi ja sis\u00e4lt\u00e4\u00e4 useita vaiheita, joissa harrastaja tarvitsee tukea: Miten havainto pit\u00e4\u00e4 dokumentoida ja miten mahdollinen sienin\u00e4yte tallentaa? Mit\u00e4 asioita havaintopaikalla pit\u00e4isi huomioida?<\/p>\n<p>Sienilajeja on paljon eik\u00e4 lajien erottaminen toisistaan ole helppoa. Monien sieniryhmien kohdalla lajien tuntemus ja osaaminen ovat pitk\u00e4lle edenneiden harrastajien harteilla. Haluamme tukea sieniharrastusta ja kouluttaa uusia osaajia.<\/p>\n","protected":false},"excerpt":{"rendered":"<p>Sieniatlas-kansalaistiedehanke ker\u00e4\u00e4 tietoa sienilajien levinneisyydest\u00e4, elinymp\u00e4rist\u00f6vaatimuksista ja uhanalaisuudesta. Haluamme edist\u00e4\u00e4 sieniharrastusta ja lajintuntemusta ja innostaa kaikkia sienist\u00e4 kiinnostuneita ilmoittamaan havaintonsa. <span class=\"more-text\">&hellip;<\/span><\/p>\n","protected":false},"author":1,"featured_media":0,"parent":0,"menu_order":0,"comment_status":"closed","ping_status":"open","template":"","meta":[],"_links":{"self":[{"href":"https:\/\/sieniatlas.fi\/index.php\/wp-json\/wp\/v2\/pages\/2"}],"collection":[{"href":"https:\/\/sieniatlas.fi\/index.php\/wp-json\/wp\/v2\/pages"}],"about":[{"href":"https:\/\/sieniatlas.fi\/index.php\/wp-json\/wp\/v2\/types\/page"}],"author":[{"embeddable":true,"href":"https:\/\/sieniatlas.fi\/index.php\/wp-json\/wp\/v2\/users\/1"}],"replies":[{"embeddable":true,"href":"https:\/\/sieniatlas.fi\/index.php\/wp-json\/wp\/v2\/comments?post=2"}],"version-history":[{"count":17,"href":"https:\/\/sieniatlas.fi\/index.php\/wp-json\/wp\/v2\/pages\/2\/revisions"}],"predecessor-version":[{"id":775,"href":"https:\/\/sieniatlas.fi\/index.php\/wp-json\/wp\/v2\/pages\/2\/revisions\/775"}],"wp:attachment":[{"href":"https:\/\/sieniatlas.fi\/index.php\/wp-json\/wp\/v2\/media?parent=2"}],"curies":[{"name":"wp","href":"https:\/\/api.w.org\/{rel}","templated":true}]}}