{"id":1640,"date":"2020-04-17T19:15:04","date_gmt":"2020-04-17T21:15:04","guid":{"rendered":"http:\/\/sieniatlas.fi\/?page_id=1640"},"modified":"2020-07-15T20:37:51","modified_gmt":"2020-07-15T22:37:51","slug":"hebeloma-sektio-denudata-alasektio-clepsydroida","status":"publish","type":"page","link":"https:\/\/sieniatlas.fi\/index.php\/hebeloma-sektio-denudata-alasektio-clepsydroida\/","title":{"rendered":"Hebeloma &#8211; sektio Denudata \u2013 alasektio Clepsydroida"},"content":{"rendered":"<p><a href=\"#cavipes\"><em>cavipes<\/em><\/a><br \/>\n<a href=\"#ingratum\"><em>ingratum<\/em><\/a><br \/>\n<a href=\"#pseudofragilipes\"><em>pseudofragilipes<\/em><\/a><br \/>\n<a href=\"#vaccinum\"><em>vaccinum<\/em><\/a><\/p>\n<p>Lajeja on tunnistettu Suomesta 4, Euroopasta 9. Lajit tunnetaan meill\u00e4 hyvin huonosti. Varmistetut havainnot ovat yksitt\u00e4isi\u00e4, mutta oletus on, ett\u00e4 joukossa on aivan yleisi\u00e4 lajeja. Sienet ovat p\u00e4\u00e4s\u00e4\u00e4nt\u00f6isesti keskikokoisia ja ne muistuttavat eniten l\u00e4hisukuisia ryhmien <em>Denudata<\/em> ja <em>Hiemale<\/em> lajeja.<\/p>\n<p>Yhteisi\u00e4 tuntomerkkej\u00e4:<\/p>\n<p>Ryhm\u00e4 on saanut nimens\u00e4 kystidien muodosta, joka on kapean tiimalasimainen: kystidien keskiosa on kapeampi kuin p\u00e4\u00e4 ja tyviosa. &#8221;Tiimalasi&#8221;-termi liioittee hieman: kystidien keskikaventuma voi olla ep\u00e4selv\u00e4. Kystidit ovat noin keskim\u00e4\u00e4r\u00e4isesti pitk\u00e4hk\u00f6j\u00e4, kapeahkoja ja usein hieman ep\u00e4m\u00e4\u00e4r\u00e4isesti mutkaisia. Kystidien p\u00e4\u00e4t eiv\u00e4t ole yht\u00e4 selv\u00e4sti pullistuneita kuin alasektion <em>Crustuliniforme<\/em> lajeilla. T\u00e4ten ne saattavat ksytideilt\u00e4\u00e4n muistuttaa sektion Velutipes lajeja, joilla kystidien tyvi on kuitenkin kapea.<\/p>\n<nav class=\"navigation post-navigation\" role=\"navigation\">\n<h2 class=\"screen-reader-text\">Hebeloman selaus<\/h2>\n<div class=\"nav-links\">\n<div class=\"nav-previous\"><a href=\"http:\/\/sieniatlas.fi\/index.php\/hebeloma-sektio-denudata-alasektio-hiemale\/\" rel=\"prev\"><span class=\"nav-link-text\">Edellinen<\/span><\/p>\n<h3 class=\"entry-title\">Tymp\u00f6set &#8211; sektio Denudata &#8211; alasektio Hiemale<\/h3>\n<p><\/a><\/div>\n<div class=\"nav-next\"><a href=\"http:\/\/sieniatlas.fi\/index.php\/hebeloma-sektio-denudata-alasektio-crustuliniformia\/\" rel=\"next\"><span class=\"nav-link-text\">Seuraava<\/span><\/p>\n<h3 class=\"entry-title\">Tymp\u00f6set &#8211; sektio Denudata &#8211; alasektio Crustuliniformia<\/h3>\n<p><\/a><\/div>\n<\/div>\n<\/nav>\n<div class=\"foo\">\n<p>Mika Toivonen 17.4.2020. Last update: 6.6.2020<\/p>\n<\/div>\n","protected":false},"excerpt":{"rendered":"<p>cavipes ingratum pseudofragilipes vaccinum Lajeja on tunnistettu Suomesta 4, Euroopasta 9. Lajit tunnetaan meill\u00e4 hyvin huonosti. Varmistetut havainnot ovat yksitt\u00e4isi\u00e4, <span class=\"more-text\">&hellip;<\/span><\/p>\n","protected":false},"author":7,"featured_media":0,"parent":0,"menu_order":0,"comment_status":"closed","ping_status":"closed","template":"","meta":[],"_links":{"self":[{"href":"https:\/\/sieniatlas.fi\/index.php\/wp-json\/wp\/v2\/pages\/1640"}],"collection":[{"href":"https:\/\/sieniatlas.fi\/index.php\/wp-json\/wp\/v2\/pages"}],"about":[{"href":"https:\/\/sieniatlas.fi\/index.php\/wp-json\/wp\/v2\/types\/page"}],"author":[{"embeddable":true,"href":"https:\/\/sieniatlas.fi\/index.php\/wp-json\/wp\/v2\/users\/7"}],"replies":[{"embeddable":true,"href":"https:\/\/sieniatlas.fi\/index.php\/wp-json\/wp\/v2\/comments?post=1640"}],"version-history":[{"count":24,"href":"https:\/\/sieniatlas.fi\/index.php\/wp-json\/wp\/v2\/pages\/1640\/revisions"}],"predecessor-version":[{"id":3170,"href":"https:\/\/sieniatlas.fi\/index.php\/wp-json\/wp\/v2\/pages\/1640\/revisions\/3170"}],"wp:attachment":[{"href":"https:\/\/sieniatlas.fi\/index.php\/wp-json\/wp\/v2\/media?parent=1640"}],"curies":[{"name":"wp","href":"https:\/\/api.w.org\/{rel}","templated":true}]}}