{"id":14,"date":"2017-01-25T12:04:09","date_gmt":"2017-01-25T12:04:09","guid":{"rendered":"http:\/\/sieniatlas.luomus.fi\/?page_id=14"},"modified":"2020-04-18T12:53:17","modified_gmt":"2020-04-18T14:53:17","slug":"yhteystiedot","status":"publish","type":"page","link":"https:\/\/sieniatlas.fi\/index.php\/yhteystiedot\/","title":{"rendered":"Yhteystiedot"},"content":{"rendered":"<p>&nbsp;<\/p>\n<p><strong>LIS\u00c4TIETOA HANKKEESTA<br \/>\n<\/strong><\/p>\n<p>Panu Halme \/ panu.halme (at) jyu.fi, 040 8054945. Jyv\u00e4skyl\u00e4n yliopisto, Bio- ja ymp\u00e4rist\u00f6tieteiden laitos, Sieniatlas-hankkeen ohjausryhm\u00e4.<\/p>\n<p>Tea von Bonsdorff \/ tea.vonbonsdorff (at) helsinki.fi, 050 3095199. Suomen Lajitietokeskus\/Luomus, Sieniatlas-hankkeen ohjausryhm\u00e4.<\/p>\n<p>Anna-Liisa Ruotsalainen \/ annu.ruotsalainen (at) oulu.fi, 0294 481559. Oulun yliopiston kasvimuseo, Sieniatlas-hankkeen ohjausryhm\u00e4.<\/p>\n<p>Tapio Kekki \/ tapio.kekki(at) gmail.com, Suomen sieniseurat, Sieniatlas-hankkeen ohjausryhm\u00e4.<\/p>\n<p>Outi Laakso \/ outi.laakso (at) helsinki.fi. Suomen Sieniseura ry., Sieniatlas-hankkeen ohjausryhm\u00e4.<\/p>\n<p>Petri Roponen \/ proponen (at) yahoo.se. Suomen Sieniseura ry., Sieniatlas-hankkeen ohjausryhm\u00e4.<\/p>\n<p>Mika Toivonen \/ mika.j.toivonen (at) utu.fi. Turun yliopiston kasvimuseo, Sieniatlas-hankeen asiantuntija.<\/p>\n<p>Kaisa Tervonen \/ kaisa.i.tervonen (at) jyu.fi, 050 5942478. Jyv\u00e4skyl\u00e4n yliopiston Avoimen tiedon keskus, Sieniatlas-hankeen asiantuntija.<\/p>\n<p>&nbsp;<\/p>\n<p><strong>HAVAINTOJEN TALLENTAMINEN<\/strong><\/p>\n<p>Havaintojen tallentamisesta ja muista k\u00e4yt\u00e4nn\u00f6n asioista voit kysy\u00e4 hankkeemme asiantuntijoilta:<\/p>\n<p>Mika Toivonen \/ mika.j.toivonen (at) utu.fi.<\/p>\n<p>Oulu: Matti Kulju \/ m.kulju (at) kolumbus.fi.<\/p>\n<p>Jyv\u00e4skyl\u00e4: Kaisa Tervonen \/ kaisa.i.tervonen (at) jyu.fi.<\/p>\n<p>&nbsp;<\/p>\n<p><strong>SIENIN\u00c4YTTEIDEN TOIMITUS<\/strong><\/p>\n<p>N\u00e4ytteiden toimituksesta on syyt\u00e4 sopia etuk\u00e4teen. Voit sopia asiasta puhelimitse tai s\u00e4hk\u00f6postilla. Helttasienet, haarakkaat, nuijakkaat ja kupusienet toimitetaan Turkuun, k\u00e4\u00e4v\u00e4t ja orvakat Ouluun.<\/p>\n<p>Toimitusosoitteet:<\/p>\n<p>Mika Toivonen<br \/>\nKasvimuseo<br \/>\nBiodiversiteettiyksikk\u00f6<br \/>\n20014 Turun yliopisto<\/p>\n<p>Matti Kulju<br \/>\nOulun yliopiston kasvimuseo<br \/>\nPL 3000<br \/>\n90014 Oulun yliopisto<\/p>\n","protected":false},"excerpt":{"rendered":"<p>&nbsp; LIS\u00c4TIETOA HANKKEESTA Panu Halme \/ panu.halme (at) jyu.fi, 040 8054945. Jyv\u00e4skyl\u00e4n yliopisto, Bio- ja ymp\u00e4rist\u00f6tieteiden laitos, Sieniatlas-hankkeen ohjausryhm\u00e4. Tea <span class=\"more-text\">&hellip;<\/span><\/p>\n","protected":false},"author":1,"featured_media":0,"parent":0,"menu_order":0,"comment_status":"closed","ping_status":"closed","template":"","meta":[],"_links":{"self":[{"href":"https:\/\/sieniatlas.fi\/index.php\/wp-json\/wp\/v2\/pages\/14"}],"collection":[{"href":"https:\/\/sieniatlas.fi\/index.php\/wp-json\/wp\/v2\/pages"}],"about":[{"href":"https:\/\/sieniatlas.fi\/index.php\/wp-json\/wp\/v2\/types\/page"}],"author":[{"embeddable":true,"href":"https:\/\/sieniatlas.fi\/index.php\/wp-json\/wp\/v2\/users\/1"}],"replies":[{"embeddable":true,"href":"https:\/\/sieniatlas.fi\/index.php\/wp-json\/wp\/v2\/comments?post=14"}],"version-history":[{"count":37,"href":"https:\/\/sieniatlas.fi\/index.php\/wp-json\/wp\/v2\/pages\/14\/revisions"}],"predecessor-version":[{"id":1735,"href":"https:\/\/sieniatlas.fi\/index.php\/wp-json\/wp\/v2\/pages\/14\/revisions\/1735"}],"wp:attachment":[{"href":"https:\/\/sieniatlas.fi\/index.php\/wp-json\/wp\/v2\/media?parent=14"}],"curies":[{"name":"wp","href":"https:\/\/api.w.org\/{rel}","templated":true}]}}